
4
Let v(r) = 2*r**3 - r**2 - 35*r + 36. Calculate v(1).
2
Let q(g) = 114*g - 10496. What is q(92)?
-8
Let x(v) = 92*v**2 - 2206*v - 45. What is x(24)?
3
Let h(i) = -7*i**2 - 27*i - 249. What is h(-8)?
-481
Let a(d) = d**2 - 38*d + 246. Determine a(33).
81
Let q(v) = v**3 + 7*v**2 - 13*v - 102. Calculate q(-7).
-11
Let j(q) = -q**3 - 16*q**2 - 104*q - 2037. What is j(-17)?
20
Let q(g) = 6*g**3 + g**2 + 7*g - 12. What is q(2)?
54
Let p(c) = -63*c**2 + c + 7. Calculate p(-2).
-247
Let v(k) = 6*k**2 - 71*k + 28. Calculate v(12).
40
Let z(t) = 2*t**2 + 57*t + 307. What is z(-7)?
6
Let k(g) = -g**3 + 16*g**2 + 16*g - 34. Calculate k(17).
-51
Let n(h) = -36*h**3 - 899*h**2 + 39*h + 354. Give n(-25).
4
Let d(g) = -56*g**3 - g**2 - 3*g - 2. Determine d(-1).
56
Let f(o) = -o**3 - 32*o**2 - 2*o + 20. Calculate f(-32).
84
Let c(l) = 88*l**2 + 11265*l + 126. Calculate c(-128).
-2
Let a(b) = 222*b + 4462. Give a(-20).
22
Let k(z) = -z**3 + 26*z**2 - 136*z + 39. What is k(20)?
-281
Let v(c) = -137*c + 1510. Determine v(11).
3
Let x(b) = 9*b**2 + 2*b - 6. Determine x(-4).
130
Let v(l) = l**3 - 9*l**2 - 65*l + 473. What is v(11)?
0
Let h(i) = i**2 - 9*i - 68. Calculate h(20).
152
Let b(k) = k**3 + 37*k**2 - 6*k - 105. Calculate b(-37).
117
Let g(u) = 27*u + 3164. Give g(-117).
5
Let n(m) = 403*m - 1204. What is n(3)?
5
Let v(k) = 11*k + 319. What is v(-29)?
0
Let f(o) = -o**2 - 47*o + 413. Calculate f(9).
-91
Let b(r) = 3006*r + 30069. What is b(-10)?
9
Let a(o) = -4*o**2 + 23*o + 4. Calculate a(8).
-68
Let w(g) = g**3 - 11*g**2 + 15*g + 19. What is w(10)?
69
Let h(g) = -26*g + 143. Calculate h(5).
13
Let b(q) = -q**2 - 248*q - 14901. Calculate b(-146).
-9
Let j(r) = -14*r - 18. Give j(0).
-18
Let o(d) = -168*d + 1641. Calculate o(6).
633
Let a(t) = 108*t**2 + 9936*t + 3. What is a(-92)?
3
Let v(g) = -g**3 + 4*g**2 - 3*g + 548. Determine v(0).
548
Let f(w) = -13*w**3 + 37*w**2 - 27*w + 2. Calculate f(2).
-8
Let g(l) = 215*l + 1910. Give g(-9).
-25
Let n(k) = -k**3 + 4*k**2 + 73*k - 334. Give n(5).
6
Let a(o) = 33*o - 692. Give a(21).
1
Let m(k) = 847*k + 21181. What is m(-25)?
6
Let j(b) = -b**3 + 39*b**2 + 87*b - 202. Determine j(41).
3
Let u(m) = -2*m**3 - 25*m**2 - 6*m + 2. Calculate u(-10).
-438
Let n(s) = -s**2 + 64*s - 4. What is n(0)?
-4
Let k(x) = -x**2 - 46*x - 437. Calculate k(-32).
11
Let x(t) = -2*t - 86. What is x(7)?
-100
Let g(y) = -2*y**2 + 37*y - 65. Determine g(2).
1
Let i(y) = 282*y - 85720. Determine i(304).
8
Let f(u) = -u**3 + 11*u**2 + 53*u - 225. Give f(15).
-330
Let v(s) = 103*s**2 - 918*s - 71. Calculate v(9).
10
Let l(v) = 7*v**2 + 13*v + 2. What is l(-5)?
112
Let n(u) = u**3 - 27*u**2 - 6*u - 112. What is n(28)?
504
Let v(x) = 54*x - 230. Determine v(4).
-14
Let l(r) = 2*r**3 + 34*r**2 - 5*r - 65. What is l(-17)?
20
Let z(o) = -o**3 + 23*o**2 + 18*o + 349. Give z(25).
-451
Let k(u) = u**2 - 69*u - 616. Determine k(-8).
0
Let u(o) = 7*o**3 - 2*o**2 - 4*o - 2. Give u(-1).
-7
Let r(k) = -1233*k - 4988. Calculate r(-4).
-56
Let u(v) = 6*v**2 + 6*v + 5. Calculate u(3).
77
Let d(z) = -z**2 + 28*z + 19. Give d(9).
190
Let c(z) = 11*z**3 + 4*z**2 - 34*z + 33. Determine c(1).
14
Let w(n) = -n**2 + 68*n + 959. Calculate w(-12).
-1
Let i(a) = -a**3 - 22*a**2 - 101*a + 11. Give i(-5).
91
Let j(l) = -2*l**3 - 10*l**2 - 3*l - 2. What is j(-1)?
-7
Let f(n) = -421*n - 6. Calculate f(1).
-427
Let x(b) = -39*b**3 - b**2 + 12*b - 11. Determine x(1).
-39
Let b(y) = -643*y - 1957. What is b(-3)?
-28
Let p(a) = -218*a**2 - 1086*a + 5. Determine p(-5).
-15
Let m(g) = 463*g - 3246. Determine m(7).
-5
Let c(q) = -4*q**3 + 666*q**2 - 989*q - 176. Determine c(165).
-11
Let d(s) = s**3 - 11*s**2 - 244*s + 49. Give d(22).
5
Let r(a) = 2*a**2 - 32*a - 641. Determine r(28).
31
Let o(x) = -107*x - 903. Determine o(0).
-903
Let j(u) = 443*u + 6563. Determine j(-15).
-82
Let d(t) = 61*t**3 + 15*t**2 + 15*t + 1. Give d(-1).
-60
Let p(s) = s**3 - 20*s**2 - 63*s - 48. Calculate p(23).
90
Let c(u) = -3*u**3 + 4*u**2 - 66*u - 306. What is c(-3)?
9
Let a(g) = -575*g - 12669. What is a(-22)?
-19
Let l(t) = t**2 - 32*t + 75. Determine l(31).
44
Let n(s) = 5*s**2 + 247*s + 173. What is n(-49)?
75
Let n(z) = -z**3 + 10*z**2 + 15*z + 23. Calculate n(12).
-85
Let m(i) = -i**3 - 18*i**2 + 100*i + 263. Calculate m(-22).
-1
Let z(x) = -7*x**3 - 125*x**2 + 21*x + 54. Give z(-18).
0
Let d(s) = -s**2 - 291*s + 2644. What is d(9)?
-56
Let m(f) = f**2 - 57*f + 785. What is m(33)?
-7
Let l(i) = -9*i**2 + 34*i + 9. What is l(4)?
1
Let z(l) = -119*l + 362. Determine z(3).
5
Let y(q) = q**3 - 77*q - 10. Calculate y(-9).
-46
Let m(x) = 104*x + 395. Give m(-9).
-541
Let w(r) = 3*r**3 - 14*r**2 + 42*r + 1. Give w(4).
137
Let f(u) = -u**3 - 11*u**2 + 6*u + 8. Give f(-11).
-58
Let y(n) = 8*n**2 - 796*n - 394. Give y(100).
6
Let n(r) = 2*r**2 + 12*r - 245. Give n(-18).
187
Let x(h) = -73*h - 2251. Give x(-30).
-61
Let v(x) = -22*x**2 - 3644*x + 1326. Determine v(-166).
-2
Let u(n) = -n**3 + 14*n**2 + 4*n + 50. Calculate u(13).
271
Let q(u) = -110*u**3 + 5*u**2 - 9*u + 7. Calculate q(2).
-871
Let y(n) = 12*n**3 + 564*n**2 - n - 44. Determine y(-47).
3
Let w(p) = 14*p**2 - 8*p. Determine w(-3).
150
Let c(r) = 5*r**3 + 32*r**2 - 43*r - 330. Give c(-6).
0
Let b(q) = -3*q**3 + 18*q**2 + 4*q - 327. Determine b(0).
-327
Let m(c) = -65*c - 179. What is m(-3)?
16
Let k(g) = 45*g - 2440. What is k(55)?
35
Let n(m) = -m**3 + 13*m**2 + 7*m - 119. What is n(11)?
200
Let r(j) = -j**2 - 14*j - 16. Calculate r(-18).
-88
Let t(l) = l**2 - 15*l + 88. Determine t(9).
34
Let i(d) = 37*d - 140. Calculate i(5).
45
Let k(r) = r**3 + 40*r**2 + 73*r - 88. Calculate k(-38).
26
Let h(y) = -632*y + 3743. Calculate h(6).
-49
Let s(d) = -95*d + 664. Give s(7).
-1
Let q(b) = -2638*b + 126618. Determine q(48).
-6
Let j(u) = 43*u + 1765. What is j(-41)?
2
Let x(k) = -9*k**3 + 6*k**2 + 11*k + 6. Calculate x(-1).
10
Let n(t) = -28*t**3 + 6*t**2 + 203*t + 197. What is n(-1)?
28
Let m(w) = 31*w**2 + 10*w - 3. Determine m(1).
38
Let n(i) = 5*i**3 + 31*i**2 + 6*i + 21. What is n(-6)?
21
Let w(l) = 5*l**3 + 29*l**2 + 5*l + 52. Determine w(-6).
-14
Let v(z) = 8*z**2 - 1731*z - 1732. Calculate v(-1).
7
Let v(j) = -j**3 + 10*j**2 - 31*j + 327. Give v(10).
17
Let b(y) = y**3 + 7*y**2 - 30*y - 151. Calculate b(-3).
-25
Let q(s) = -13*s**2 + 122*s - 263. Calculate q(6).
1
Let u(v) = 611*v - 15885. What is u(26)?
1
Let r(w) = -767*w - 18411. What is r(-24)?
-3
Let o(m) = m**3 - 15*m**2 + 63*m + 5. Determine o(7).
54
Let z(i) = i**2 - 35*i + 22. Give z(33).
-44
Let h(s) = 12*s**2 + 150*s + 272. Give h(-10).
-28
Let o(h) = -2*h**2 - 73*h - 658. Determine o(-16).
-2
Let z(p) = -p**2 - 50*p + 386. Calculate z(7).
-13
Let w(p) = p**2 + 8*p - 40. What is w(-14)?
44
Let l(z) = 37*z + 1240. Give l(-34).
-18
Let u(i) = 25*i - 203. Calculate u(9).
22
Let j(m) = -6275*m**2 - 106676*m - 11. What is j(-17)?
6
Let q(g) = 2*g**3 - 23*g**2 + 50*g - 18. Calculate q(9).
27
Let d(u) = 4*u**3 - 5*u**2 + 22*u - 23. Calculate d(4).
241
Let q(i) = -308*i - 9934. Calculate q(-33).
230
Let l(v) = -7*v**2 - 31*v - 8. What is l(-4)?
4
Let w(k) = 2*k**2 + 2*k - 14. Give w(-8).
98
Let p(f) = 7*f**2 - 22*f - 136. Calculate p(-3).
-7
Let x(j) = -j**3 + 46*j**2 - 8*j - 188. Calculate x(46).
-556
Let i(q) = 49*q + 251. Calculate i(-5).
6
Let h(m) = -89*m + 8892. What is h(98)?
170
Let f(o) = o**3 + 45*o**2 - 42*o + 200. What is f(-46)?
16
Let j(x) = -x**3 + 14*x**2 + 39*x - 156. Calculate j(17).
-360
Let b(r) = -483*r + 4767. Determine b(10).
-63
Let g(c) = 207*c + 186. Give g(2).
600
Let o(g) = 3*g**2 - 138*g + 395. Determine o(43).
8
Let x(i) = -i**2 - 20*i + 4. Determine x(-22).
-40
Let u(x) = -x**3 + 3*x**2 - 283*x + 853. Give u(3).
4
Let r(h) = h**3 - 53*h**2 + 454*h + 335. What is r(42)?
-1
Let v(k) = -1264*k - 2524. What is v(-2)?
4
Let o(n) = n**2 - 16. Give o(-6).
20
Let c(i) = -8*i**3 - 151*i**2 + 20*i + 26. Give c(-19).
7
Let q(i) = -i**3 - 30*i**2 + 210*i - 203. Calculate q(-36).
13
Let k(l) = -l**3 + 5*l**2 - 19*l + 73. Give k(4).
13
Let d(n) = n**3 - 15*n**2 - 43*n + 641. Determine d(15).
-4
Let h(z) = -39*z - 56. Determine h(-3).
61
Let g(n) = n**2 + 10*n + 80. Calculate g(-5).
55
Let n(u) = -9*u**2 - 32*u + 76. Give n(0).
76
Let i(c) = c**3 - 14*c**2 +